+ 5. Calculate b(2).
-11
Let s(n) = n**2 - 7*n + 7. Determine s(5).
-3
Let q(y) = 10*y**2 + 2*y. Give q(2).
44
Let w(y) = -8*y + 51. Give w(7).
-5
Let k(n) = 2*n**2 + 3*n - 70. Determine k(-8).
34
Let q(r) = 11*r + 1. Determine q(6).
67
Let p(l) = -l**3 + 6*l**2 + 7*l - 17. What is p(7)?
-17
Let q(s) = s**3 + 2*s**2 - 2*s + 2. Give q(0).
2
Let w(r) = -2*r**2 - 63*r + 32. Give w(-32).
0
Let b(h) = -h**3 - 7*h**2 - 5*h - 10. What is b(-6)?
-16
Let r(n) = -n**2 - 20*n - 16. Give r(-19).
3
Let a(r) = r**2 + 11*r + 22. Calculate a(-7).
-6
Let b(c) = 2*c - 21. Give b(9).
-3
Let q(u) = -u**3 - 20*u**2 - 11*u + 153. What is q(-19)?
1
Let a(c) = c**3 - 6*c**2 + 14*c - 33. Determine a(5).
12
Let g(z) = -11*z + 77. Determine g(6).
11
Let q(f) = f**3 - 16*f**2 - 16*f - 13. Give q(17).
4
Let u(k) = -k**3 + 4*k**2 + 2*k - 3. Give u(3).
12
Let q(r) = r**3 + 7*r**2 + 6*r + 3. Determine q(-7).
-39
Let s(r) = 5*r - 67. What is s(11)?
-12
Let n(r) = -r**2 - r + 25. Determine n(-4).
13
Let q(v) = -6*v**2 - 18*v - 64. Calculate q(-4).
-88
Let m(r) = -r**2 - 5*r - 2. Determine m(-5).
-2
Let n(z) = -z**3 - 31*z**2 - 58*z - 44. Determine n(-29).
-44
Let n(v) = v**3 + 8*v**2 - 2*v - 13. Give n(-7).
50
Let q(x) = x**2 - 31*x + 111. Determine q(4).
3
Let j(o) = -27*o + 48. Give j(3).
-33
Let r(w) = w**2 - 14*w + 16. What is r(12)?
-8
Let w(q) = -8*q - 310. Determine w(-38).
-6
Let c(i) = 4*i. What is c(1)?
4
Let o(d) = 4*d**2 + 27*d - 9. What is o(-7)?
-2
Let r(h) = -5*h + 20. Determine r(5).
-5
Let r(u) = 10*u**3 + 2*u**2 + 2*u + 1. Calculate r(-1).
-9
Let s(z) = 12*z - 35. What is s(3)?
1
Let v(x) = -2*x**3 - 7*x**2 - 2*x + 20. Determine v(-4).
44
Let a(n) = -5*n**3 + 9*n - 9. Give a(1).
-5
Let h(l) = l**2 + 2*l + 1. Calculate h(-2).
1
Let a(o) = -12*o + 146. What is a(11)?
14
Let m(u) = -u**3 - u**2 - u - 25. Calculate m(0).
-25
Let c(h) = h**2 - 10. Determine c(-3).
-1
Let i(t) = 9*t + 44. Give i(-6).
-10
Let k(x) = x**2 + 18*x + 34. Determine k(-16).
2
Let k(x) = -x + 6. Give k(3).
3
Let l(i) = i**3 - 6*i**2 - 15*i + 27. Give l(8).
35
Let s(q) = 2*q - 9. Calculate s(6).
3
Let c(d) = -2*d**2 + 35*d - 30. Calculate c(16).
18
Let i(q) = -q**2 - 17*q - 4. Calculate i(0).
-4
Let s(a) = a**3 - 14*a**2 + 22*a + 26. Give s(12).
2
Let l(s) = -s**3 - 5*s**2 - s + 3. What is l(-5)?
8
Let u(x) = x**2 + 4*x - 15. Determine u(-4).
-15
Let s(g) = 7*g**3 + g**2 + g. Calculate s(-1).
-7
Let j(i) = i**2 - 3*i - 11. What is j(5)?
-1
Let f(d) = 9*d**2 - 45*d - 1. Give f(5).
-1
Let f(q) = q + 5. What is f(-1)?
4
Let g(h) = 2*h**2 - h + 18. Determine g(0).
18
Let y(q) = -2*q + 37. Calculate y(16).
5
Let z(a) = 3*a**2 + 2*a - 1. Calculate z(-2).
7
Let s(l) = 14*l + 22. Determine s(-2).
-6
Let a(b) = -b**3 + 15*b**2 + 15*b + 14. Determine a(16).
-2
Let w(x) = x**3 + 5*x**2 + 5*x - 11. Calculate w(-5).
-36
Let l(j) = -j**3 - 32*j**2 - 32*j - 26. Give l(-31).
5
Let b(x) = -x**2 - 8*x + 1. Determine b(-11).
-32
Let h(j) = 5*j**3 - 9*j**2 + 8*j - 1. Give h(1).
3
Let f(s) = -3*s**2 - 13*s - 14. What is f(-8)?
-102
Let g(v) = -v**3 - 8*v**2 - 5*v + 16. What is g(-7)?
2
Let b(a) = 7*a**2 + a - 3. Determine b(1).
5
Let k(s) = -27*s + 224. Calculate k(9).
-19
Let s(c) = -2*c**3 + 2*c**2 + 3*c - 2. What is s(2)?
-4
Let k(b) = b**2 - 10*b - 18. Determine k(12).
6
Let x(j) = -j**2 - 11*j - 2. Give x(-9).
16
Let r(s) = 2*s**2 + 22*s + 62. Give r(-7).
6
Let h(m) = -7*m**3 + 2*m - 1. Give h(1).
-6
Let a(c) = -c**3 + 8*c**2 - 4*c - 3. What is a(4)?
45
Let l(j) = 33*j - 104. Determine l(3).
-5
Let v(p) = -2*p + 10. Calculate v(12).
-14
Let h(n) = -16*n + 131. Calculate h(8).
3
Let y(p) = -13*p - 4. Give y(3).
-43
Let t(o) = -7*o**2 - 3*o + 2. Determine t(-3).
-52
Let p(g) = -g**3 + 6*g**2 + 23*g - 57. Calculate p(8).
-1
Let a(v) = 58*v + 393. Determine a(-7).
-13
Let j(c) = -c**3 - 3*c**2 + 16*c + 7. Calculate j(-5).
-23
Let y(c) = -c**3 + 4*c**2 + 6*c - 4. Determine y(5).
1
Let z(g) = 5*g + 108. Calculate z(-22).
-2
Let g(d) = 4*d - 27. Give g(15).
33
Let o(r) = -4*r + 145. Determine o(39).
-11
Let c(j) = 2*j - 37. Determine c(15).
-7
Let q(x) = x**3 - 9*x**2 + 4*x + 7. What is q(6)?
-77
Let a(q) = 8*q + 9. What is a(-5)?
-31
Let q(h) = 2*h + 1. What is q(6)?
13
Let u(k) = 2*k**3 - 2*k**2 + 1. Calculate u(1).
1
Let j(g) = -128*g - 1152. Determine j(-9).
0
Let v(o) = 2*o + 123. What is v(-64)?
-5
Let q(j) = j**2 + 21*j - 18. Calculate q(-19).
-56
Let j(k) = k**3 - 11*k**2 + 9*k + 4. Give j(9).
-77
Let c(l) = 11*l**2 + 6*l + 2. Calculate c(-2).
34
Let z(n) = n**2 + 14*n - 75. What is z(-18)?
-3
Let h(g) = -g**2 + 1. Give h(-3).
-8
Let w(b) = -4*b + 13. Determine w(3).
1
Let b(p) = -p**3 + 7*p**2 + 15*p + 19. What is b(9)?
-8
Let n(a) = a**3 - 3*a - 1. Calculate n(-2).
-3
Let m(z) = z**3 - 4*z**2 - 4*z + 6. Determine m(6).
54
Let y(g) = -g**3 + 3*g**2 - 3*g. Give y(3).
-9
Let g(y) = 2*y**2 - 8*y - 1. Determine g(6).
23
Let l(j) = j**2 - 27*j + 142. Give l(7).
2
Let h(j) = -21*j - 171. Calculate h(-8).
-3
Let r(b) = -121*b**3 - 3*b**2 + 2*b. Give r(1).
-122
Let p(x) = 3*x**3 + x**2 + 3*x + 1. Calculate p(-1).
-4
Let s(h) = h**3 + 11*h**2 - 3*h - 1. Determine s(-11).
32
Let u(y) = 9*y - 9. Calculate u(6).
45
Let g(z) = -13*z - 257. Determine g(-20).
3
Let q(y) = -y**3 + 3*y**2 + 13*y - 7. Determine q(6).
-37
Let k(p) = 6*p - 220. Determine k(37).
2
Let x(u) = -u**2 - 10*u + 2. Give x(-10).
2
Let f(x) = -x**2 - 5*x + 13. Calculate f(4).
-23
Let v(j) = -5*j + 33. Calculate v(9).
-12
Let r(v) = -6*v**2 + 128*v - 26. Determine r(21).
16
Let c(j) = j**3 + 14*j**2 + 12*j - 13. What is c(-13)?
0
Let g(i) = -7*i + 6. What is g(-3)?
27
Let q(v) = -2*v + 6. Determine q(4).
-2
Let w(j) = j**2 - j - 100. What is w(0)?
-100
Let p(d) = -d**2 + 17*d - 36. Determine p(15).
-6
Let a(t) = -t**2 + 17*t - 30. Calculate a(15).
0
Let k(h) = -h**3 - 8*h**2 + 9*h - 5. Calculate k(-9).
-5
Let t(g) = -10*g + 16. Give t(7).
-54
Let a(q) = 4*q + 35. Determine a(-9).
-1
Let p(w) = -w**3 - 3*w - 9. Calculate p(0).
-9
Let f(u) = -2*u**3 + 15*u**2 + 8*u. Calculate f(8).
0
Let s(u) = 4*u + 11. Give s(-8).
-21
Let z(k) = 3*k**2 - 2*k + 1. Calculate z(4).
41
Let i(p) = p**3 - 9*p**2 + 3*p - 3. Determine i(6).
-93
Let f(y) = -2*y**2 + 47*y + 77. What is f(25)?
2
Let k(v) = v**2 - 15*v + 25. Calculate k(12).
-11
Let d(i) = 2*i**2 + 4*i + 3. Give d(-2).
3
Let h(a) = 6*a**3 + 7*a**2 + 6. Determine h(-2).
-14
Let l(x) = -2*x**3 - 12*x**2 + 15*x - 5. Give l(-7).
-12
Let w(z) = -37*z**2. What is w(1)?
-37
Let p(c) = -c**3 + 5*c**2 - 5*c + 4. What is p(4)?
0
Let q(g) = -2*g**2 + 4*g + 3. Give q(3).
-3
Let k(c) = -c**2 + 2*c + 1. Calculate k(0).
1
Let r(o) = o**3 + 10*o**2 - 13*o - 8. Calculate r(-11).
14
Let o(u) = -2*u**2 + 6*u + 7. What is o(5)?
-13
Let u(y) = 11*y + 4. Give u(-1).
-7
Let s(y) = y**2 + 3*y + 10. Determine s(-3).
10
Let u(v) = -12*v - 151. Determine u(-13).
5
Let u(q) = q - 20. What is u(17)?
-3
Let v(u) = -u + 6. What is v(-9)?
15
Let m(x) = 5*x - 2. Give m(-6).
-32
Let l(v) = -v**3 + 2*v**2 + v - 2. Give l(3).
-8
Let o(c) = -c**2 + 16*c - 49. Calculate o(11).
6
Let v(r) = 24*r - 71. Calculate v(3).
1
Let y(b) = -b**3 - 15*b**2 - 25*b + 14. Give y(-13).
1
Let m(z) = -4*z**2 + 4*z + 17. Calculate m(-3).
-31
Let v(u) = -u**2 - 3*u - 4. Determine v(-4).
-8
Let h(i) = i**2 + 11*i - 3. Calculate h(-8).
-27
Let v(n) = -n**3 - 6*n**2 + 25*n + 102. What is v(-7)?
-24
Let i(q) = 2*q**3 - 44*q**2 + 38*q - 20. Give i(21).
-104
Let i(y) = 52*y**3 - 3*y**2 + 4*y - 1. Calculate i(1).
52
Let r(s) = s**2 + 28*s + 88. Calculate r(-24).
-8
Let y(c) = -5*c**2 - 116*c - 21. What is y(-23)?
2
Let u(y) = y**2 - 11*y - 8. Calculate u(13).
18
Let x(z) = -z**3 - 9*z**2 - 8*z + 19. Calculate x(-8).
19
Let d(o) = -o**3 + 9*o**2 + 5*o + 48. Determine d(10).
-2
Let k(g) = g**3 + 11*g**2 - 12*g - 26. Determine k(-12).
-26
Let o(b) = -10*b**3 + 53*b**2 - 14*b - 10. Give o(5).
-5
Let r(x) = 2*x**3 - 4*x**2 - 12*x + 24. Determine r(3).
6
Let j(v) = v**2 - 6*v - 16. Give j(-2).
0
Let a(f) = -f**2 - 6*f + 10. Determine a(-5).
15
Let y(p) = -p**3 + 10*p**2 + 13*p - 19. Give y(11).
3
Let l(n) = n - 7. What is l(5)?
-2
Let n(q) = -q**3 + 6*q**2 + 4*q + 14. Determine n(7).
-7
Let h(y) = y**3 + 7*y**2 + 5*y + 17. Calculate h(-7).
-18
Let k(p) = -2*p. Give k(-8).
16
L